{"id":2389,"date":"2024-09-11T17:35:05","date_gmt":"2024-09-11T15:35:05","guid":{"rendered":"http:\/\/serauto.net\/nuevo\/?page_id=2389"},"modified":"2024-09-11T17:36:45","modified_gmt":"2024-09-11T15:36:46","slug":"aviso-legal","status":"publish","type":"page","link":"https:\/\/serauto.net\/nuevo\/index.php\/aviso-legal\/","title":{"rendered":"Aviso Legal"},"content":{"rendered":"<p><strong>AVISO LEGAL<\/strong><\/p>\n<p><strong>1. OBJETO Y ACEPTACI\u00d3N<\/strong><br \/>\nEl presente Aviso Legal regula el uso y la utilizaci\u00f3n del Sitio Web: serauto.net, del que es titular Servicios Automotrices Truck-Bus, S.L. (en adelante, EL PROPIETARIO DE LA WEB).<\/p>\n<p>La navegaci\u00f3n por el Sitio Web de EL PROPIETARIO DE LA WEB le atribuye la condici\u00f3n de usuario del mismo y conlleva la aceptaci\u00f3n plena y sin reservas de todas y cada una de las condiciones publicadas en este Aviso Legal, advirti\u00e9ndole de que dichas condiciones podr\u00e1n ser modificadas sin notificaci\u00f3n previa por parte de EL PROPIETARIO DE LA WEB, en cuyo caso se proceder\u00e1 a su publicaci\u00f3n y aviso con la m\u00e1xima antelaci\u00f3n posible.<\/p>\n<p>Por ello, es recomendable que lea atentamente su contenido si desea acceder y hacer uso de la informaci\u00f3n y de los servicios ofrecidos desde este Sitio Web.<\/p>\n<p>El usuario, adem\u00e1s, se obliga a hacer un uso correcto del Sitio Web de conformidad con las leyes, la buena fe, el orden p\u00fablico, los usos del tr\u00e1fico y el presente Aviso Legal, y responder\u00e1 frente a EL PROPIETARIO DE LA WEB o frente a terceros, de cualesquiera da\u00f1os y perjuicios que pudieran causarse como consecuencia del incumplimiento de dicha obligaci\u00f3n.<\/p>\n<p>Cualquier utilizaci\u00f3n distinta a la autorizada est\u00e1 expresamente prohibida, pudiendo EL PROPIETARIO DE LA WEB denegar o retirar el acceso y su uso en cualquier momento.<\/p>\n<p><strong>2. IDENTIFICACI\u00d3N<\/strong><br \/>\nEL PROPIETARIO DE LA WEB, de conformidad con el art\u00edculo 10 de la Ley 34\/2002, de 11 de julio, de servicios de la sociedad de la informaci\u00f3n y de comercio electr\u00f3nico, le informa que su denominaci\u00f3n social es Servicios Automotrices Truck-Bus, S.L. (SERAUTO), con C.I.F.: B\u201328854081 y domicilio en Calle Las F\u00e1bricas, N\u00ba 20 \u2013Pol\u00edgono Industrial de Urtinsa \u2013 28.923 \u2013 Alcorc\u00f3n (Madrid).<\/p>\n<p>Es una Sociedad Espa\u00f1ola inscrita en el Registro Mercantil de Madrid, Tomo 33.502, Folio 180, Secci\u00f3n 8, Hoja M\u2013603079, Inscripci\u00f3n 1\u00aa.<\/p>\n<p><strong>3. COMUNICACIONES<\/strong><br \/>\nPara comunicarse con EL PROPIETARIO DE LA WEB ponemos a su disposici\u00f3n diferentes medios de contacto que detallamos a continuaci\u00f3n:<\/p>\n<p>\u2022 Tfno.: (+34) 91 641 01 14<br \/>\n\u2022 Email: serautoscm@serauto.net<br \/>\nTodas las notificaciones y comunicaciones entre los usuarios y EL PROPIETARIO DE LA WEB se considerar\u00e1n eficaces, a todos los efectos, cuando se realicen a trav\u00e9s de cualquier medio de los detallados anteriormente.<\/p>\n<p>EL PROPIETARIO DE LA WEB no est\u00e1 adherido a ning\u00fan C\u00f3digo de Conducta.<\/p>\n<p><strong>4. CONDICIONES DE ACCESO Y UTILIZACI\u00d3N<\/strong><br \/>\nEl Sitio Web y sus servicios son de acceso libre y gratuito (salvo los costes derivados por la conexi\u00f3n a internet, que son asumidos por el usuario frente al proveedor de servicios que tenga contratado). No obstante, EL PROPIETARIO DE LA WEB puede condicionar la utilizaci\u00f3n de algunos de los servicios ofrecidos en su web a la previa cumplimentaci\u00f3n del correspondiente formulario.<\/p>\n<p>El usuario garantiza la autenticidad y actualidad de todos aquellos datos que comunique a EL PROPIETARIO DE LA WEB y ser\u00e1 el \u00fanico responsable de las manifestaciones falsas o inexactas que realice.<\/p>\n<p>El usuario se compromete expresamente a hacer un uso adecuado de los contenidos y servicios de EL PROPIETARIO DE LA WEB y a no emplearlos para, entre otros:<\/p>\n<p>a) Difundir contenidos delictivos, violentos, pornogr\u00e1ficos, racistas, xen\u00f3fobos, ofensivos, de apolog\u00eda del terrorismo o, en general, contrarios a la ley o al orden p\u00fablico.<br \/>\nb) Introducir en la red virus inform\u00e1ticos o realizar actuaciones susceptibles de alterar, estropear, interrumpir o generar errores o da\u00f1os en los documentos electr\u00f3nicos, datos o sistemas f\u00edsicos y l\u00f3gicos de EL PROPIETARIO DE LA WEB o de terceras personas; as\u00ed como obstaculizar el acceso de otros usuarios al Sitio Web y a sus servicios mediante el consumo masivo de los recursos inform\u00e1ticos a trav\u00e9s de los cualesEL PROPIETARIO DE LA WEB presta sus servicios.<br \/>\nc) Intentar acceder a las cuentas de correo electr\u00f3nico de otros usuarios o a \u00e1reas restringidas de los sistemas inform\u00e1ticos de EL PROPIETARIO DE LA WEB o de terceros y, en su caso, extraer informaci\u00f3n.<br \/>\nd) Vulnerar los derechos de propiedad intelectual o industrial, as\u00ed como violar la confidencialidad de la informaci\u00f3n de EL PROPIETARIO DE LA WEB o de terceros.<br \/>\ne) Suplantar la identidad de cualquier otro usuario.<br \/>\nf) Reproducir, copiar, distribuir, poner a disposici\u00f3n de, o cualquier otra forma de comunicaci\u00f3n p\u00fablica, transformar o modificar los contenidos, a menos que cuente con la autorizaci\u00f3n expresa del titular de los correspondientes derechos o ello resulte legalmente permitido.<br \/>\ng) Recabar datos con finalidad publicitaria y de remitir publicidad de cualquier clase y comunicaciones con fines de venta u otras de naturaleza comercial sin que medie su previa solicitud o consentimiento.<br \/>\nTodos los contenidos del Sitio Web, como textos, fotograf\u00edas, gr\u00e1ficos, im\u00e1genes, iconos, tecnolog\u00eda, software, as\u00ed como su dise\u00f1o gr\u00e1fico y c\u00f3digos fuente, constituyen una obra cuya propiedad pertenece a EL PROPIETARIO DE LA WEB, sin que puedan entenderse cedidos al usuario ninguno de los derechos de explotaci\u00f3n sobre los mismos m\u00e1s all\u00e1 de lo estrictamente necesario para el correcto uso de la web.<\/p>\n<p>En definitiva, los usuarios que accedan a este Sitio Web pueden visualizar los contenidos y efectuar, en su caso, copias privadas autorizadas siempre que los elementos reproducidos no sean cedidos posteriormente a terceros, ni se instalen a servidores conectados a redes, ni sean objeto de ning\u00fan tipo de explotaci\u00f3n.<\/p>\n<p>Asimismo, todas las marcas, nombres comerciales o signos distintivos de cualquier clase que aparecen en el Sitio Web son propiedad de EL PROPIETARIO DE LA WEB, sin que pueda entenderse que el uso o acceso al mismo atribuya al usuario derecho alguno sobre los mismos.<\/p>\n<p>La distribuci\u00f3n, modificaci\u00f3n, cesi\u00f3n o comunicaci\u00f3n p\u00fablica de los contenidos y cualquier otro acto que no haya sido expresamente autorizado por el titular de los derechos de explotaci\u00f3n queda prohibido.<\/p>\n<p>El establecimiento de un hiperenlace no implica en ning\u00fan caso la existencia de relaciones entre EL PROPIETARIO DE LA WEB y el propietario del Sitio Web en la que se establezca, ni la aceptaci\u00f3n y aprobaci\u00f3n por parte de EL PROPIETARIO DE LA WEB de sus contenidos o servicios.<\/p>\n<p>EL PROPIETARIO DE LA WEB no se responsabiliza del uso que cada usuario les d\u00e9 a los materiales puestos a disposici\u00f3n en este Sitio Web ni de las actuaciones que realice en base a los mismos.<\/p>\n<p><strong>4.1. EXCLUSI\u00d3N DE GARANT\u00cdAS Y DE RESPONSABILIDAD EN EL ACCESO Y LA UTILIZACI\u00d3N<\/strong><br \/>\nEl contenido del presente Sitio Web es de car\u00e1cter general y tiene una finalidad meramente informativa, sin que se garantice plenamente el acceso a todos los contenidos, ni su exhaustividad, correcci\u00f3n, vigencia o actualidad, ni su idoneidad o utilidad para un objetivo espec\u00edfico.<\/p>\n<p>EL PROPIETARIO DE LA WEB excluye, hasta donde permite el ordenamiento jur\u00eddico, cualquier responsabilidad por los da\u00f1os y perjuicios de toda naturaleza derivados de:<\/p>\n<p>a) La imposibilidad de acceso al Sitio Web o la falta de veracidad, exactitud, exhaustividad y\/o actualidad de los contenidos, as\u00ed como la existencia de vicios y defectos de toda clase de los contenidos transmitidos, difundidos, almacenados, puestos a disposici\u00f3n, a los que se haya accedido a trav\u00e9s del Sitio Web o de los servicios que se ofrecen.<br \/>\nb) La presencia de virus o de otros elementos en los contenidos que puedan producir alteraciones en los sistemas inform\u00e1ticos, documentos electr\u00f3nicos o datos de los usuarios.<br \/>\nc) El incumplimiento de las leyes, la buena fe, el orden p\u00fablico, los usos del tr\u00e1fico y el presente Aviso Legal como consecuencia del uso incorrecto del Sitio Web. En particular, y a modo ejemplificativo, EL PROPIETARIO DE LA WEB no se hace responsable de las actuaciones de terceros que vulneren los derechos de propiedad intelectual e industrial, secretos empresariales, derecho al honor, a la intimidad personal y familiar y a la propia imagen, as\u00ed como la normativa en materia de competencia desleal y publicidad il\u00edcita.<br \/>\nAsimismo, EL PROPIETARIO DE LA WEB declina cualquier responsabilidad respecto a la informaci\u00f3n que se halle fuera de esta web y no sea gestionada directamente por su webmaster. La funci\u00f3n de los links que aparecen en esta web es exclusivamente la de informar al usuario sobre la existencia de otras fuentes susceptibles de ampliar los contenidos que ofrece este Sitio Web. EL PROPIETARIO DE LA WEB no garantiza ni se responsabiliza del funcionamiento o accesibilidad de los sitios enlazados; ni sugiere, invita o recomienda la visita a los mismos, por lo que tampoco ser\u00e1 responsable del resultado obtenido.<\/p>\n<p>EL PROPIETARIO DE LA WEB no se responsabiliza del establecimiento de hiperv\u00ednculos por parte de terceros.<\/p>\n<p><strong>4.2. PROCEDIMIENTO EN CASO DE REALIZACI\u00d3N DE ACTIVIDADES DE CAR\u00c1CTER IL\u00cdCITO<\/strong><br \/>\nEn el caso de que cualquier usuario o un tercero considere que existen hechos o circunstancias que revelen el car\u00e1cter il\u00edcito de la utilizaci\u00f3n de cualquier contenido y\/o de la realizaci\u00f3n de cualquier actividad en las p\u00e1ginas web incluidas o accesibles a trav\u00e9s del Sitio Web, deber\u00e1 enviar una notificaci\u00f3n a EL PROPIETARIO DE LA WEB identific\u00e1ndose debidamente y especificando las supuestas infracciones.<\/p>\n<p><strong>4.3. PUBLICACIONES<\/strong><br \/>\nLa informaci\u00f3n administrativa facilitada a trav\u00e9s del Sitio Web no sustituye la publicidad legal de las leyes, normativas, planes, disposiciones generales y actos que tengan que ser publicados formalmente a los diarios oficiales de las administraciones p\u00fablicas, que constituyen el \u00fanico instrumento que da fe de su autenticidad y contenido. La informaci\u00f3n disponible en este Sitio Web debe entenderse como una gu\u00eda sin prop\u00f3sito de validez legal.<\/p>\n<p><strong>4.4. ENLACES<\/strong><br \/>\n&#x25aa; Enlaces a p\u00e1ginas webs de terceros:<br \/>\nLos enlaces o v\u00ednculos que pudieran constar en el Sitio Web y que hayan sido incluidos por EL PROPIETARIO DE LA WEB se ponen a disposici\u00f3n del usuario \u00fanicamente con la finalidad de facilitar acceso a otros contenidos de terceros. No obstante, se hace constar que EL PROPIETARIO DE LA WEB no gestiona los Sitios Web a los que redireccione, ni es responsable del contenido de los mismos.<\/p>\n<p>Asimismo, se hace constar que EL PROPIETARIO DE LA WEB no tiene obligaci\u00f3n de control ninguno sobre los sitios webs de terceros ni sobre el contenido incluido en los mismos.<\/p>\n<p>Igualmente, se hace constar que EL PROPIETARIO DE LA WEB no apoya ni es responsable de los comportamientos, caracter\u00edsticas o contenidos de los enlaces de terceros ni de ninguna transacci\u00f3n que el usuario pueda realizar con el proveedor de dichos enlaces.<\/p>\n<p>EL PROPIETARIO DE LA WEB actuar\u00e1 con la diligencia debida en el caso de que llegue a tener conocimiento efectivo de que a trav\u00e9s de un Sitio Web de tercero se est\u00e1n llevando a cabo actividades il\u00edcitas o lesionando bienes o derechos de un tercero.<\/p>\n<p>&#x25aa; Enlaces con destino al Sitio Web:<br \/>\nEn el caso de que el usuario estuviera interesado en establecer enlaces al Sitio Web, deber\u00e1 hacerlo conforme a la Ley, a las presentes Condiciones de Uso y cumplir todo lo dispuesto a continuaci\u00f3n:<\/p>\n<p>\u2212 El enlace vincular\u00e1 con la p\u00e1gina principal (Home) del Sitio Web.<br \/>\n\u2212 El enlace debe ser completo y mostrar el Sitio Web en su totalidad.<br \/>\nEn ning\u00fan caso se podr\u00e1 remitir al Sitio Web mediante frame o marco, esto es, incorpor\u00e1ndolo dentro de la propia p\u00e1gina del tercero; ni podr\u00e1 utilizarse el Contenido de manera separada e independiente del Sitio Web.<\/p>\n<p>En ning\u00fan caso podr\u00e1n llevarse a cabo en las p\u00e1ginas webs en las que se inserte el enlace al Sitio Web, manifestaciones y\/o comentarios falsos, inexactos o incorrectos en relaci\u00f3n con el Sitio Web, EL PROPIETARIO DE LA WEB, sus usuarios, clientes y servicios ni personas trabajadoras.<\/p>\n<p>EL PROPIETARIO DE LA WEB podr\u00e1 solicitar en cualquier momento la retirada de dicho enlace sin tener que ofrecer justificaci\u00f3n alguna, bastando \u00fanicamente la comunicaci\u00f3n a tal efecto.<\/p>\n<p><strong>5. PROPIEDAD INTELECTUAL E INDUSTRIAL<\/strong><br \/>\nEL PROPIETARIO DE LA WEB es titular o ha obtenido los correspondientes derechos, licencias y\/o autorizaciones sobre los derechos de propiedad intelectual e industrial del Sitio Web y de los contenidos, programas de ordenador y la selecci\u00f3n y\/o disposici\u00f3n de los contenidos del Sitio Web.<\/p>\n<p>En ning\u00fan caso se entender\u00e1 que el acceso, navegaci\u00f3n y\/o el uso del Sitio Web implica una renuncia, transmisi\u00f3n, autorizaci\u00f3n o cesi\u00f3n, total ni parcial, de derecho de propiedad intelectual e industrial alguno por parte de EL PROPIETARIO DE LA WEB a favor del usuario, con la excepci\u00f3n de un derecho de uso otorgado al usuario para la utilizaci\u00f3n del Sitio Web y de los contenidos con fines de consulta de la informaci\u00f3n disponible sobre los servicios e informaci\u00f3n disponible en el Sitio. Este derecho de uso es con car\u00e1cter de no exclusividad, no sublicenciable ni transferible a terceros.<\/p>\n<p>Con la excepci\u00f3n del derecho de uso anterior, queda expresamente prohibido al usuario la reproducci\u00f3n, transformaci\u00f3n, comunicaci\u00f3n p\u00fablica, distribuci\u00f3n, supresi\u00f3n, extracci\u00f3n, reutilizaci\u00f3n o el uso de cualquier otra naturaleza, de todo o parte del Sitio Web y del Contenido que no est\u00e9 expresamente autorizado en estas Condiciones de Uso, salvo que la Ley as\u00ed lo permita o el usuario haya obtenido la correspondiente autorizaci\u00f3n por escrito de EL PROPIETARIO DE LA WEB y\/o del correspondiente titular de derechos.<\/p>\n<p>Por todo lo anterior, cualquier uso no autorizado expresamente por EL PROPIETARIO DE LA WEB o, en su caso, el tercero que corresponda ser\u00e1 considerado un incumplimiento grave de los derechos de propiedad intelectual o industrial, y dar\u00e1 lugar a la correspondiente indemnizaci\u00f3n de da\u00f1os y perjuicios por parte del usuario.<\/p>\n<p><strong>6. LEGISLACI\u00d3N APLICABLE<\/strong><br \/>\nLas condiciones presentes se regir\u00e1n por la legislaci\u00f3n espa\u00f1ola vigente.<\/p>\n<p>La lengua utilizada ser\u00e1 el castellano.<\/p>\n<p><strong>6.1. ADHESI\u00d3N A CONFIANZA ONLINE<\/strong><br \/>\nNuestra entidad no se encuentra adherida a ning\u00fan mecanismo de Confianza Online, pero le recordamos que puede acceder a la plataforma de resoluci\u00f3n de litigios en l\u00ednea de la Uni\u00f3n Europea siguiendo este enlace: https:\/\/ec.europa.eu\/consumers\/odr\/main\/?event=main.home2.show<\/p>\n<p>Para m\u00e1s informaci\u00f3n sobre el sistema ODR de resoluci\u00f3n de conflictos v\u00e9ase: https:\/\/www.mscbs.gob.es\/consumo\/pec\/divulgacion\/ODR.htm<\/p>\n","protected":false},"excerpt":{"rendered":"<p>AVISO LEGAL 1. OBJETO Y ACEPTACI\u00d3N El presente Aviso Legal regula el uso y la utilizaci\u00f3n del Sitio Web: serauto.net, del que es titular Servicios Automotrices Truck-Bus, S.L. (en adelante, EL PROPIETARIO DE LA WEB). La navegaci\u00f3n por el Sitio [&hellip;]<\/p>\n","protected":false},"author":3,"featured_media":0,"parent":0,"menu_order":0,"comment_status":"closed","ping_status":"closed","template":"","meta":{"footnotes":""},"class_list":["post-2389","page","type-page","status-publish","hentry"],"aioseo_notices":[],"meta_box":{"pg_title_style":"1","pg_sidebar":"fullwidth","pg_sidebar_generator":"new","pg_sidebar_name":"volcanno-sidebar-1","pg_hide_title":"0","pg_page_description":"","pg_subtitle":"","pg_subtitle_under":"","pg_title_color":"","pg_title_image":[],"pg_title_image_right":[],"pg_title_icon":"","pg_portfolio_style":"1-col","pg_portfolio_hover_style":"simple","pg_hide_editor_content":"0","pg_gallery_style":"2-col","pg_gallery_hover_style":"simple","pg_portfolio_gallery_order":"ASC","pg_portfolio_gallery_order_by":"id","pg_portfolio_gallery_pagination":"12","pg_portfolio_gallery_lightbox_options":"animated","pg_portfolio_gallery_project_images":"0","pg_portfolio_gallery_include_cats":[],"pg_single_page_title":"1","pg_single_title":"0","pg_single_hide_categories":"0","pg_single_show_hide_button":"0","pg_single_button_text":"","pg_single_button_url":"","pg_single_slider_type":"classic","pg_single_revolution_alias":"","pg_single_slider_size":"8","pg_single_slider_autoslide":"0","pg_single_slider_hide_arrows":"0","pg_single_image_cropping":"1","pg_single_slider_height":"","pg_single_related_hide":"0","pg_single_related_posts_title":"","pg_single_related_posts_subtitle":"","pg_single_related_posts_number":"5","pg_single_related_posts_filter":"latest"},"_links":{"self":[{"href":"https:\/\/serauto.net\/nuevo\/index.php\/wp-json\/wp\/v2\/pages\/2389","targetHints":{"allow":["GET"]}}],"collection":[{"href":"https:\/\/serauto.net\/nuevo\/index.php\/wp-json\/wp\/v2\/pages"}],"about":[{"href":"https:\/\/serauto.net\/nuevo\/index.php\/wp-json\/wp\/v2\/types\/page"}],"author":[{"embeddable":true,"href":"https:\/\/serauto.net\/nuevo\/index.php\/wp-json\/wp\/v2\/users\/3"}],"replies":[{"embeddable":true,"href":"https:\/\/serauto.net\/nuevo\/index.php\/wp-json\/wp\/v2\/comments?post=2389"}],"version-history":[{"count":4,"href":"https:\/\/serauto.net\/nuevo\/index.php\/wp-json\/wp\/v2\/pages\/2389\/revisions"}],"predecessor-version":[{"id":2393,"href":"https:\/\/serauto.net\/nuevo\/index.php\/wp-json\/wp\/v2\/pages\/2389\/revisions\/2393"}],"wp:attachment":[{"href":"https:\/\/serauto.net\/nuevo\/index.php\/wp-json\/wp\/v2\/media?parent=2389"}],"curies":[{"name":"wp","href":"https:\/\/api.w.org\/{rel}","templated":true}]}}